{"id":66,"date":"2020-11-24T16:28:57","date_gmt":"2020-11-24T16:28:57","guid":{"rendered":"https:\/\/stinesoegaard.dk\/?page_id=66"},"modified":"2022-10-02T08:44:33","modified_gmt":"2022-10-02T07:44:33","slug":"profil","status":"publish","type":"page","link":"https:\/\/stinesoegaard.dk\/?page_id=66","title":{"rendered":"Profil"},"content":{"rendered":"\n<p> <br> <\/p>\n\n\n\n<div class=\"wp-block-columns\">\n<div class=\"wp-block-column\" style=\"flex-basis:66.66%\">\n<h2 class=\"has-text-align-center\"><strong>PROFIL<\/strong><\/h2>\n\n\n\n<ul><li><span class=\"has-inline-color has-responsive-container-background-color-color\">Cand.psych fra K\u00f8benhavns Universitet 2012<\/span><\/li><li><span class=\"has-inline-color has-responsive-container-background-color-color\">Autoriseret af Psykologn\u00e6vnet under Socialministeriet 201<\/span>8<\/li><li><span class=\"has-inline-color has-responsive-container-background-color-color\">Medlem af Dansk Psykolog Forening<\/span><\/li><\/ul>\n\n\n\n<p><strong>ARBEJDSERFARING<\/strong> <br> Jeg har erfaring med behandling af psykiatriske problemstillinger fra ans\u00e6ttelse i Psykiatrisk Ambulatorium i N\u00e6stved og fra Klinik for Angst og OCD, Psykiatrisk Center K\u00f8benhavn. Jeg har i psykiatrien varetaget gruppebehandling, individuel behandling, udredning og har lavet supervision for tv\u00e6rfagligt personale. Mine prim\u00e6re arbejdsomr\u00e5der har v\u00e6ret behandling af angst, OCD, depression og personlighedsforstyrrelser. <br> Jeg har v\u00e6ret ansat som inhouse psykolog ved Prescriba og i Psykologisk Praksis i Bagsv\u00e6rd. Begge ans\u00e6ttelser har givet mig en bred erfaring med at arbejde med unge og voksne indenfor bl.a. angst, OCD, lavt selvv\u00e6rd, spiseforstyrrelser, depression, stress og relationelle udfordringer. <br> P\u00e5 baggrund af min teoretiske interesse og praktiske erfaring med at arbejde med skam i terapi, har jeg holdt opl\u00e6g i forskellige faglige sammenh\u00e6nge. Desuden har jeg undervist i Mindfulness i Angstforeningen og v\u00e6ret r\u00e5dgiver p\u00e5 Livslinjen. <br> Jeg har v\u00e6ret selvst\u00e6ndig siden 2018.<\/p>\n\n\n\n<p><strong>EFTERUDDANNELSER OG KURSER<\/strong> <br> 2-\u00e5rig uddannelse i systemisk og  narrativ terapi p\u00e5 Inpraxis ved Julie Rysgaard Tamakloe og Dorte Nissen . <\/p>\n\n\n\n<p>1-\u00e5rig uddannelse i Mentaliseringsbaseret Gruppeterapi p\u00e5 Stolpegaard ved bl.a. Lisbeth Thorsen. <\/p>\n\n\n\n<p>Kurser, bl.a.: Kreative p\u00e5fund i gruppesupervision ved Thilde Westmark, Mindful Self-Compassion ved Signe Steenberger, Somatic Experience ved Ursula F\u00fcrstenwald, Psykodynamisk korttidsterapi ved Jeanne Isaksen, Mindfulness-kurser ved bl.a. Uffe Damborg, Simon Krohn, Lisbeth Fr\u00f6lich, Max B\u00f6hling. L\u00e6ngerevarende supervisionsforl\u00f8b i Narrativ Terapi ved Anne Saxtorph og i Psykodynamisk Terapi ved Marianne Malm.<\/p>\n\n\n\n<p><strong>PRIVAT<\/strong> <br> Jeg er 45 \u00e5r og bor i K\u00f8benhavn sammen med min mand og vores tre b\u00f8rn.<\/p>\n\n\n\n<p> <\/p>\n<\/div>\n\n\n\n<div class=\"wp-block-column\" style=\"flex-basis:33.33%\">\n<p> <br> <\/p>\n\n\n\n<figure class=\"wp-block-image size-medium is-style-default\"><img loading=\"lazy\" width=\"300\" height=\"273\" src=\"https:\/\/stinesoegaard.dk\/wp-content\/uploads\/2020\/11\/Screenshot-2020-11-24-at-19.56.01-300x273.png\" alt=\"\" class=\"wp-image-171\" srcset=\"https:\/\/stinesoegaard.dk\/wp-content\/uploads\/2020\/11\/Screenshot-2020-11-24-at-19.56.01-300x273.png 300w, https:\/\/stinesoegaard.dk\/wp-content\/uploads\/2020\/11\/Screenshot-2020-11-24-at-19.56.01-1024x931.png 1024w, https:\/\/stinesoegaard.dk\/wp-content\/uploads\/2020\/11\/Screenshot-2020-11-24-at-19.56.01-768x699.png 768w, https:\/\/stinesoegaard.dk\/wp-content\/uploads\/2020\/11\/Screenshot-2020-11-24-at-19.56.01-100x91.png 100w, https:\/\/stinesoegaard.dk\/wp-content\/uploads\/2020\/11\/Screenshot-2020-11-24-at-19.56.01-150x136.png 150w, https:\/\/stinesoegaard.dk\/wp-content\/uploads\/2020\/11\/Screenshot-2020-11-24-at-19.56.01-200x182.png 200w, https:\/\/stinesoegaard.dk\/wp-content\/uploads\/2020\/11\/Screenshot-2020-11-24-at-19.56.01-450x409.png 450w, https:\/\/stinesoegaard.dk\/wp-content\/uploads\/2020\/11\/Screenshot-2020-11-24-at-19.56.01-600x546.png 600w, https:\/\/stinesoegaard.dk\/wp-content\/uploads\/2020\/11\/Screenshot-2020-11-24-at-19.56.01-900x819.png 900w, https:\/\/stinesoegaard.dk\/wp-content\/uploads\/2020\/11\/Screenshot-2020-11-24-at-19.56.01.png 1216w\" sizes=\"(max-width: 300px) 100vw, 300px\" \/><\/figure>\n<\/div>\n<\/div>\n\n\n\n<div class=\"wp-block-group\"><div class=\"wp-block-group__inner-container\"><\/div><\/div>\n\n\n\n<div class=\"wp-block-cover alignfull has-background-dim has-custom-content-position is-position-bottom-center\" style=\"background-color:#eceff3;min-height:5px\"><div class=\"wp-block-cover__inner-container\">\n<p class=\"has-text-align-left has-responsive-container-background-color-color has-text-color\">Stine \u00d8sterskov S\u00f8gaard, <a href=\"https:\/\/goo.gl\/maps\/aWyVuFxqATpE3Dpa9\">N\u00f8rrebrogade 8, 1.tv., 2200 K\u00f8benhavn N<\/a>. Telefon: +45 5036 1606. Email: kontakt@stineoesterskov.dk.<\/p>\n<\/div><\/div>\n","protected":false},"excerpt":{"rendered":"<p>PROFIL Cand.psych fra K\u00f8benhavns Universitet 2012 Autoriseret af Psykologn\u00e6vnet under Socialministeriet 2018 Medlem af Dansk Psykolog Forening ARBEJDSERFARING Jeg har erfaring med behandling af psykiatriske problemstillinger fra ans\u00e6ttelse i Psykiatrisk Ambulatorium i N\u00e6stved og fra Klinik for Angst og OCD, &hellip;<\/p>\n<p class=\"read-more\"> <a class=\"more-link\" href=\"https:\/\/stinesoegaard.dk\/?page_id=66\"> <span class=\"screen-reader-text\">Profil<\/span> Read More &raquo;<\/a><\/p>\n","protected":false},"author":1,"featured_media":0,"parent":25,"menu_order":4,"comment_status":"closed","ping_status":"closed","template":"","meta":[],"_links":{"self":[{"href":"https:\/\/stinesoegaard.dk\/index.php?rest_route=\/wp\/v2\/pages\/66"}],"collection":[{"href":"https:\/\/stinesoegaard.dk\/index.php?rest_route=\/wp\/v2\/pages"}],"about":[{"href":"https:\/\/stinesoegaard.dk\/index.php?rest_route=\/wp\/v2\/types\/page"}],"author":[{"embeddable":true,"href":"https:\/\/stinesoegaard.dk\/index.php?rest_route=\/wp\/v2\/users\/1"}],"replies":[{"embeddable":true,"href":"https:\/\/stinesoegaard.dk\/index.php?rest_route=%2Fwp%2Fv2%2Fcomments&post=66"}],"version-history":[{"count":26,"href":"https:\/\/stinesoegaard.dk\/index.php?rest_route=\/wp\/v2\/pages\/66\/revisions"}],"predecessor-version":[{"id":361,"href":"https:\/\/stinesoegaard.dk\/index.php?rest_route=\/wp\/v2\/pages\/66\/revisions\/361"}],"up":[{"embeddable":true,"href":"https:\/\/stinesoegaard.dk\/index.php?rest_route=\/wp\/v2\/pages\/25"}],"wp:attachment":[{"href":"https:\/\/stinesoegaard.dk\/index.php?rest_route=%2Fwp%2Fv2%2Fmedia&parent=66"}],"curies":[{"name":"wp","href":"https:\/\/api.w.org\/{rel}","templated":true}]}}

<p> <br> </p>



<div class="wp-block-columns">
<div class="wp-block-column" style="flex-basis:66.66%">
<h2 class="has-text-align-center"><strong>PROFIL</strong></h2>



<ul><li><span class="has-inline-color has-responsive-container-background-color-color">Cand.psych fra Københavns Universitet 2012</span></li><li><span class="has-inline-color has-responsive-container-background-color-color">Autoriseret af Psykolognævnet under Socialministeriet 201</span>8</li><li><span class="has-inline-color has-responsive-container-background-color-color">Medlem af Dansk Psykolog Forening</span></li></ul>



<p><strong>ARBEJDSERFARING</strong> <br> Jeg har erfaring med behandling af psykiatriske problemstillinger fra ansættelse i Psykiatrisk Ambulatorium i Næstved og fra Klinik for Angst og OCD, Psykiatrisk Center København. Jeg har i psykiatrien varetaget gruppebehandling, individuel behandling, udredning og har lavet supervision for tværfagligt personale. Mine primære arbejdsområder har været behandling af angst, OCD, depression og personlighedsforstyrrelser. <br> Jeg har været ansat som inhouse psykolog ved Prescriba og i Psykologisk Praksis i Bagsværd. Begge ansættelser har givet mig en bred erfaring med at arbejde med unge og voksne indenfor bl.a. angst, OCD, lavt selvværd, spiseforstyrrelser, depression, stress og relationelle udfordringer. <br> På baggrund af min teoretiske interesse og praktiske erfaring med at arbejde med skam i terapi, har jeg holdt oplæg i forskellige faglige sammenhænge. Desuden har jeg undervist i Mindfulness i Angstforeningen og været rådgiver på Livslinjen. <br> Jeg har været selvstændig siden 2018.</p>



<p><strong>EFTERUDDANNELSER OG KURSER</strong> <br> 2-årig uddannelse i systemisk og  narrativ terapi på Inpraxis ved Julie Rysgaard Tamakloe og Dorte Nissen . </p>



<p>1-årig uddannelse i Mentaliseringsbaseret Gruppeterapi på Stolpegaard ved bl.a. Lisbeth Thorsen. </p>



<p>Kurser, bl.a.: Kreative påfund i gruppesupervision ved Thilde Westmark, Mindful Self-Compassion ved Signe Steenberger, Somatic Experience ved Ursula Fürstenwald, Psykodynamisk korttidsterapi ved Jeanne Isaksen, Mindfulness-kurser ved bl.a. Uffe Damborg, Simon Krohn, Lisbeth Frölich, Max Böhling. Længerevarende supervisionsforløb i Narrativ Terapi ved Anne Saxtorph og i Psykodynamisk Terapi ved Marianne Malm.</p>



<p><strong>PRIVAT</strong> <br> Jeg er 45 år og bor i København sammen med min mand og vores tre børn.</p>



<p> </p>
</div>



<div class="wp-block-column" style="flex-basis:33.33%">
<p> <br> </p>



<figure class="wp-block-image size-medium is-style-default"><img loading="lazy" width="300" height="273" src="https://stinesoegaard.dk/wp-content/uploads/2020/11/Screenshot-2020-11-24-at-19.56.01-300x273.png" alt="" class="wp-image-171" srcset="https://stinesoegaard.dk/wp-content/uploads/2020/11/Screenshot-2020-11-24-at-19.56.01-300x273.png 300w, https://stinesoegaard.dk/wp-content/uploads/2020/11/Screenshot-2020-11-24-at-19.56.01-1024x931.png 1024w, https://stinesoegaard.dk/wp-content/uploads/2020/11/Screenshot-2020-11-24-at-19.56.01-768x699.png 768w, https://stinesoegaard.dk/wp-content/uploads/2020/11/Screenshot-2020-11-24-at-19.56.01-100x91.png 100w, https://stinesoegaard.dk/wp-content/uploads/2020/11/Screenshot-2020-11-24-at-19.56.01-150x136.png 150w, https://stinesoegaard.dk/wp-content/uploads/2020/11/Screenshot-2020-11-24-at-19.56.01-200x182.png 200w, https://stinesoegaard.dk/wp-content/uploads/2020/11/Screenshot-2020-11-24-at-19.56.01-450x409.png 450w, https://stinesoegaard.dk/wp-content/uploads/2020/11/Screenshot-2020-11-24-at-19.56.01-600x546.png 600w, https://stinesoegaard.dk/wp-content/uploads/2020/11/Screenshot-2020-11-24-at-19.56.01-900x819.png 900w, https://stinesoegaard.dk/wp-content/uploads/2020/11/Screenshot-2020-11-24-at-19.56.01.png 1216w" sizes="(max-width: 300px) 100vw, 300px" /></figure>
</div>
</div>



<div class="wp-block-group"><div class="wp-block-group__inner-container"></div></div>



<div class="wp-block-cover alignfull has-background-dim has-custom-content-position is-position-bottom-center" style="background-color:#eceff3;min-height:5px"><div class="wp-block-cover__inner-container">
<p class="has-text-align-left has-responsive-container-background-color-color has-text-color">Stine Østerskov Søgaard, <a href="https://goo.gl/maps/aWyVuFxqATpE3Dpa9">Nørrebrogade 8, 1.tv., 2200 København N</a>. Telefon: +45 5036 1606. Email: kontakt@stineoesterskov.dk.</p>
</div></div>

<p>PROFIL Cand.psych fra Københavns Universitet 2012 Autoriseret af Psykolognævnet under Socialministeriet 2018 Medlem af Dansk Psykolog Forening ARBEJDSERFARING Jeg har erfaring med behandling af psykiatriske problemstillinger fra ansættelse i Psykiatrisk Ambulatorium i Næstved og fra Klinik for Angst og OCD, &hellip;</p>
<p class="read-more"> <a class="more-link" href="https://stinesoegaard.dk/?page_id=66"> <span class="screen-reader-text">Profil</span> Read More &raquo;</a></p>
